{"id":1534,"date":"2015-05-13T10:00:07","date_gmt":"2015-05-13T09:00:07","guid":{"rendered":"http:\/\/www.kfv-mol.de\/Wordpress\/wp-content\/uploads\/2015\/05\/MGL4182.jpg"},"modified":"2015-05-13T10:00:07","modified_gmt":"2015-05-13T09:00:07","slug":"50-jahre-jugendfeuerwehr-bad-freienwalde-7","status":"inherit","type":"attachment","link":"https:\/\/kfv-mol.de\/Wordpress\/Artikel\/foerderschild-und-defibrillator-uebergeben\/50-jahre-jugendfeuerwehr-bad-freienwalde-7\/","title":{"rendered":"50 Jahre Jugendfeuerwehr Bad Freienwalde"},"author":3,"featured_media":0,"comment_status":"closed","ping_status":"closed","template":"","meta":[],"class_list":["post-1534","attachment","type-attachment","status-inherit","hentry"],"smush":{"stats":{"percent":22.105178675334578,"bytes":11017,"size_before":49839,"size_after":38822,"time":0.2,"api_version":"1.0","lossy":true,"keep_exif":0},"sizes":{"widget-48":{"percent":21.79,"bytes":454,"size_before":2084,"size_after":1630,"time":0.01},"widget-32":{"percent":21.22,"bytes":350,"size_before":1649,"size_after":1299,"time":0.01},"widget-64":{"percent":21.1,"bytes":629,"size_before":2981,"size_after":2352,"time":0.01},"thumbnail":{"percent":22.69,"bytes":2566,"size_before":11309,"size_after":8743,"time":0.02},"mosaic-thumb":{"percent":22.14,"bytes":1212,"size_before":5475,"size_after":4263,"time":0.05},"widget-24":{"percent":20.96,"bytes":227,"size_before":1083,"size_after":856,"time":0.03},"medium":{"percent":22.09,"bytes":5579,"size_before":25258,"size_after":19679,"time":0.07}}},"description":{"rendered":"<p class=\"attachment\"><a href='https:\/\/kfv-mol.de\/Wordpress\/wp-content\/uploads\/2015\/05\/MGL4182.jpg'><img decoding=\"async\" width=\"300\" height=\"200\" data-src=\"https:\/\/kfv-mol.de\/Wordpress\/wp-content\/uploads\/2015\/05\/MGL4182-300x200.jpg\" class=\"attachment-medium size-medium lazyload\" alt=\"\" data-srcset=\"https:\/\/kfv-mol.de\/Wordpress\/wp-content\/uploads\/2015\/05\/MGL4182-300x200.jpg 300w, https:\/\/kfv-mol.de\/Wordpress\/wp-content\/uploads\/2015\/05\/MGL4182.jpg 630w\" data-sizes=\"(max-width: 300px) 100vw, 300px\" src=\"data:image\/svg+xml;base64,PHN2ZyB3aWR0aD0iMSIgaGVpZ2h0PSIxIiB4bWxucz0iaHR0cDovL3d3dy53My5vcmcvMjAwMC9zdmciPjwvc3ZnPg==\" style=\"--smush-placeholder-width: 300px; --smush-placeholder-aspect-ratio: 300\/200;\" \/><\/a><\/p>\n"},"caption":{"rendered":"<p>Gro\u00dfe Jubil\u00e4umsparty in der Innenstadt mit vielen G\u00e4sten und Attraktionen<\/p>\n"},"alt_text":"","media_type":"image","mime_type":"image\/jpeg","media_details":{"width":630,"height":420,"file":"2015\/05\/MGL4182.jpg","sizes":{"thumbnail":{"file":"MGL4182-150x150.jpg","width":150,"height":150,"mime_type":"image\/jpeg","source_url":"https:\/\/kfv-mol.de\/Wordpress\/wp-content\/uploads\/2015\/05\/MGL4182-150x150.jpg"},"medium":{"file":"MGL4182-300x200.jpg","width":300,"height":200,"mime_type":"image\/jpeg","source_url":"https:\/\/kfv-mol.de\/Wordpress\/wp-content\/uploads\/2015\/05\/MGL4182-300x200.jpg"},"mosaic-thumb":{"file":"MGL4182-96x96.jpg","width":96,"height":96,"mime_type":"image\/jpeg","source_url":"https:\/\/kfv-mol.de\/Wordpress\/wp-content\/uploads\/2015\/05\/MGL4182-96x96.jpg"},"gallery-thumb":{"file":"MGL4182-96x96.jpg","width":96,"height":96,"mime_type":"image\/jpeg","source_url":"https:\/\/kfv-mol.de\/Wordpress\/wp-content\/uploads\/2015\/05\/MGL4182-96x96.jpg"},"widget-24":{"file":"MGL4182-24x24.jpg","width":24,"height":24,"mime_type":"image\/jpeg","source_url":"https:\/\/kfv-mol.de\/Wordpress\/wp-content\/uploads\/2015\/05\/MGL4182-24x24.jpg"},"widget-32":{"file":"MGL4182-36x36.jpg","width":36,"height":36,"mime_type":"image\/jpeg","source_url":"https:\/\/kfv-mol.de\/Wordpress\/wp-content\/uploads\/2015\/05\/MGL4182-36x36.jpg"},"widget-48":{"file":"MGL4182-48x48.jpg","width":48,"height":48,"mime_type":"image\/jpeg","source_url":"https:\/\/kfv-mol.de\/Wordpress\/wp-content\/uploads\/2015\/05\/MGL4182-48x48.jpg"},"widget-64":{"file":"MGL4182-64x64.jpg","width":64,"height":64,"mime_type":"image\/jpeg","source_url":"https:\/\/kfv-mol.de\/Wordpress\/wp-content\/uploads\/2015\/05\/MGL4182-64x64.jpg"},"widget-96":{"file":"MGL4182-96x96.jpg","width":96,"height":96,"mime_type":"image\/jpeg","source_url":"https:\/\/kfv-mol.de\/Wordpress\/wp-content\/uploads\/2015\/05\/MGL4182-96x96.jpg"},"full":{"file":"MGL4182.jpg","width":630,"height":420,"mime_type":"image\/jpeg","source_url":"https:\/\/kfv-mol.de\/Wordpress\/wp-content\/uploads\/2015\/05\/MGL4182.jpg"}},"image_meta":{"aperture":5.6,"credit":"MOZ","camera":"Canon EOS-1Ds Mark III","caption":"Gro\u00dfe Jubil\u00e4umsparty in der Innenstadt mit vielen G\u00e4sten und Attraktionen","created_timestamp":1431170995,"copyright":"Andreas Karpe- Gora","focal_length":"24","iso":"640","shutter_speed":"0.005","title":"50 Jahre Jugendfeuerwehr Bad Freienwalde","orientation":1}},"post":1527,"source_url":"https:\/\/kfv-mol.de\/Wordpress\/wp-content\/uploads\/2015\/05\/MGL4182.jpg","_links":{"self":[{"href":"https:\/\/kfv-mol.de\/Wordpress\/wp-json\/wp\/v2\/media\/1534","targetHints":{"allow":["GET"]}}],"collection":[{"href":"https:\/\/kfv-mol.de\/Wordpress\/wp-json\/wp\/v2\/media"}],"about":[{"href":"https:\/\/kfv-mol.de\/Wordpress\/wp-json\/wp\/v2\/types\/attachment"}],"author":[{"embeddable":true,"href":"https:\/\/kfv-mol.de\/Wordpress\/wp-json\/wp\/v2\/users\/3"}],"replies":[{"embeddable":true,"href":"https:\/\/kfv-mol.de\/Wordpress\/wp-json\/wp\/v2\/comments?post=1534"}],"wp:attached-to":[{"embeddable":true,"post_type":"post","id":1527,"href":"https:\/\/kfv-mol.de\/Wordpress\/wp-json\/wp\/v2\/posts\/1527"}],"curies":[{"name":"wp","href":"https:\/\/api.w.org\/{rel}","templated":true}]}}

<p>Große Jubiläumsparty in der Innenstadt mit vielen Gästen und Attraktionen</p>

Große Jubiläumsparty in der Innenstadt mit vielen Gästen und Attraktionen
