{"id":1533,"date":"2015-05-13T10:00:05","date_gmt":"2015-05-13T09:00:05","guid":{"rendered":"http:\/\/www.kfv-mol.de\/Wordpress\/wp-content\/uploads\/2015\/05\/MGL4169.jpg"},"modified":"2015-05-13T10:00:05","modified_gmt":"2015-05-13T09:00:05","slug":"50-jahre-jugendfeuerwehr-bad-freienwalde-6","status":"inherit","type":"attachment","link":"https:\/\/kfv-mol.de\/Wordpress\/Artikel\/foerderschild-und-defibrillator-uebergeben\/50-jahre-jugendfeuerwehr-bad-freienwalde-6\/","title":{"rendered":"50 Jahre Jugendfeuerwehr Bad Freienwalde"},"author":3,"featured_media":0,"comment_status":"closed","ping_status":"closed","template":"","meta":[],"class_list":["post-1533","attachment","type-attachment","status-inherit","hentry"],"smush":{"stats":{"percent":21.69062964799207,"bytes":10500,"size_before":48408,"size_after":37908,"time":0.12,"api_version":"1.0","lossy":true,"keep_exif":0},"sizes":{"thumbnail":{"percent":22.22,"bytes":2432,"size_before":10947,"size_after":8515,"time":0.01},"mosaic-thumb":{"percent":21.37,"bytes":1161,"size_before":5432,"size_after":4271,"time":0.01},"widget-24":{"percent":21.94,"bytes":253,"size_before":1153,"size_after":900,"time":0.01},"widget-48":{"percent":20.64,"bytes":434,"size_before":2103,"size_after":1669,"time":0.01},"widget-32":{"percent":21.21,"bytes":358,"size_before":1688,"size_after":1330,"time":0.01},"widget-64":{"percent":21.7,"bytes":664,"size_before":3060,"size_after":2396,"time":0.01},"medium":{"percent":21.64,"bytes":5198,"size_before":24025,"size_after":18827,"time":0.06}}},"description":{"rendered":"<p class=\"attachment\"><a href='https:\/\/kfv-mol.de\/Wordpress\/wp-content\/uploads\/2015\/05\/MGL4169.jpg'><img decoding=\"async\" width=\"300\" height=\"200\" data-src=\"https:\/\/kfv-mol.de\/Wordpress\/wp-content\/uploads\/2015\/05\/MGL4169-300x200.jpg\" class=\"attachment-medium size-medium lazyload\" alt=\"\" data-srcset=\"https:\/\/kfv-mol.de\/Wordpress\/wp-content\/uploads\/2015\/05\/MGL4169-300x200.jpg 300w, https:\/\/kfv-mol.de\/Wordpress\/wp-content\/uploads\/2015\/05\/MGL4169.jpg 630w\" data-sizes=\"(max-width: 300px) 100vw, 300px\" src=\"data:image\/svg+xml;base64,PHN2ZyB3aWR0aD0iMSIgaGVpZ2h0PSIxIiB4bWxucz0iaHR0cDovL3d3dy53My5vcmcvMjAwMC9zdmciPjwvc3ZnPg==\" style=\"--smush-placeholder-width: 300px; --smush-placeholder-aspect-ratio: 300\/200;\" \/><\/a><\/p>\n"},"caption":{"rendered":"<p>Gro\u00dfe Jubil\u00e4umsparty in der Innenstadt mit vielen G\u00e4sten und Attraktionen<\/p>\n"},"alt_text":"","media_type":"image","mime_type":"image\/jpeg","media_details":{"width":630,"height":420,"file":"2015\/05\/MGL4169.jpg","sizes":{"thumbnail":{"file":"MGL4169-150x150.jpg","width":150,"height":150,"mime_type":"image\/jpeg","source_url":"https:\/\/kfv-mol.de\/Wordpress\/wp-content\/uploads\/2015\/05\/MGL4169-150x150.jpg"},"medium":{"file":"MGL4169-300x200.jpg","width":300,"height":200,"mime_type":"image\/jpeg","source_url":"https:\/\/kfv-mol.de\/Wordpress\/wp-content\/uploads\/2015\/05\/MGL4169-300x200.jpg"},"mosaic-thumb":{"file":"MGL4169-96x96.jpg","width":96,"height":96,"mime_type":"image\/jpeg","source_url":"https:\/\/kfv-mol.de\/Wordpress\/wp-content\/uploads\/2015\/05\/MGL4169-96x96.jpg"},"gallery-thumb":{"file":"MGL4169-96x96.jpg","width":96,"height":96,"mime_type":"image\/jpeg","source_url":"https:\/\/kfv-mol.de\/Wordpress\/wp-content\/uploads\/2015\/05\/MGL4169-96x96.jpg"},"widget-24":{"file":"MGL4169-24x24.jpg","width":24,"height":24,"mime_type":"image\/jpeg","source_url":"https:\/\/kfv-mol.de\/Wordpress\/wp-content\/uploads\/2015\/05\/MGL4169-24x24.jpg"},"widget-32":{"file":"MGL4169-36x36.jpg","width":36,"height":36,"mime_type":"image\/jpeg","source_url":"https:\/\/kfv-mol.de\/Wordpress\/wp-content\/uploads\/2015\/05\/MGL4169-36x36.jpg"},"widget-48":{"file":"MGL4169-48x48.jpg","width":48,"height":48,"mime_type":"image\/jpeg","source_url":"https:\/\/kfv-mol.de\/Wordpress\/wp-content\/uploads\/2015\/05\/MGL4169-48x48.jpg"},"widget-64":{"file":"MGL4169-64x64.jpg","width":64,"height":64,"mime_type":"image\/jpeg","source_url":"https:\/\/kfv-mol.de\/Wordpress\/wp-content\/uploads\/2015\/05\/MGL4169-64x64.jpg"},"widget-96":{"file":"MGL4169-96x96.jpg","width":96,"height":96,"mime_type":"image\/jpeg","source_url":"https:\/\/kfv-mol.de\/Wordpress\/wp-content\/uploads\/2015\/05\/MGL4169-96x96.jpg"},"full":{"file":"MGL4169.jpg","width":630,"height":420,"mime_type":"image\/jpeg","source_url":"https:\/\/kfv-mol.de\/Wordpress\/wp-content\/uploads\/2015\/05\/MGL4169.jpg"}},"image_meta":{"aperture":7.1,"credit":"MOZ","camera":"Canon EOS-1Ds Mark III","caption":"Gro\u00dfe Jubil\u00e4umsparty in der Innenstadt mit vielen G\u00e4sten und Attraktionen","created_timestamp":1431170841,"copyright":"Andreas Karpe- Gora","focal_length":"70","iso":"640","shutter_speed":"0.005","title":"50 Jahre Jugendfeuerwehr Bad Freienwalde","orientation":1}},"post":1527,"source_url":"https:\/\/kfv-mol.de\/Wordpress\/wp-content\/uploads\/2015\/05\/MGL4169.jpg","_links":{"self":[{"href":"https:\/\/kfv-mol.de\/Wordpress\/wp-json\/wp\/v2\/media\/1533","targetHints":{"allow":["GET"]}}],"collection":[{"href":"https:\/\/kfv-mol.de\/Wordpress\/wp-json\/wp\/v2\/media"}],"about":[{"href":"https:\/\/kfv-mol.de\/Wordpress\/wp-json\/wp\/v2\/types\/attachment"}],"author":[{"embeddable":true,"href":"https:\/\/kfv-mol.de\/Wordpress\/wp-json\/wp\/v2\/users\/3"}],"replies":[{"embeddable":true,"href":"https:\/\/kfv-mol.de\/Wordpress\/wp-json\/wp\/v2\/comments?post=1533"}],"wp:attached-to":[{"embeddable":true,"post_type":"post","id":1527,"href":"https:\/\/kfv-mol.de\/Wordpress\/wp-json\/wp\/v2\/posts\/1527"}],"curies":[{"name":"wp","href":"https:\/\/api.w.org\/{rel}","templated":true}]}}

<p>Große Jubiläumsparty in der Innenstadt mit vielen Gästen und Attraktionen</p>

Große Jubiläumsparty in der Innenstadt mit vielen Gästen und Attraktionen
