{"id":1529,"date":"2015-05-13T09:59:58","date_gmt":"2015-05-13T08:59:58","guid":{"rendered":"http:\/\/www.kfv-mol.de\/Wordpress\/wp-content\/uploads\/2015\/05\/MGL4156.jpg"},"modified":"2015-05-13T09:59:58","modified_gmt":"2015-05-13T08:59:58","slug":"50-jahre-jugendfeuerwehr-bad-freienwalde-2","status":"inherit","type":"attachment","link":"https:\/\/kfv-mol.de\/Wordpress\/Artikel\/foerderschild-und-defibrillator-uebergeben\/50-jahre-jugendfeuerwehr-bad-freienwalde-2\/","title":{"rendered":"50 Jahre Jugendfeuerwehr Bad Freienwalde"},"author":3,"featured_media":0,"comment_status":"closed","ping_status":"closed","template":"","meta":[],"class_list":["post-1529","attachment","type-attachment","status-inherit","hentry"],"smush":{"stats":{"percent":21.22177774764391,"bytes":9390,"size_before":44247,"size_after":34857,"time":0.11,"api_version":"1.0","lossy":true,"keep_exif":0},"sizes":{"widget-64":{"percent":20.88,"bytes":602,"size_before":2883,"size_after":2281,"time":0.02},"widget-24":{"percent":21.3,"bytes":233,"size_before":1094,"size_after":861,"time":0.01},"mosaic-thumb":{"percent":21.49,"bytes":1078,"size_before":5016,"size_after":3938,"time":0.02},"widget-32":{"percent":21.55,"bytes":351,"size_before":1629,"size_after":1278,"time":0.01},"widget-48":{"percent":20.83,"bytes":421,"size_before":2021,"size_after":1600,"time":0.01},"thumbnail":{"percent":21.5,"bytes":2121,"size_before":9867,"size_after":7746,"time":0.03},"medium":{"percent":21.09,"bytes":4584,"size_before":21737,"size_after":17153,"time":0.01}}},"description":{"rendered":"<p class=\"attachment\"><a href='https:\/\/kfv-mol.de\/Wordpress\/wp-content\/uploads\/2015\/05\/MGL4156.jpg'><img decoding=\"async\" width=\"300\" height=\"200\" data-src=\"https:\/\/kfv-mol.de\/Wordpress\/wp-content\/uploads\/2015\/05\/MGL4156-300x200.jpg\" class=\"attachment-medium size-medium lazyload\" alt=\"\" data-srcset=\"https:\/\/kfv-mol.de\/Wordpress\/wp-content\/uploads\/2015\/05\/MGL4156-300x200.jpg 300w, https:\/\/kfv-mol.de\/Wordpress\/wp-content\/uploads\/2015\/05\/MGL4156.jpg 630w\" data-sizes=\"(max-width: 300px) 100vw, 300px\" src=\"data:image\/svg+xml;base64,PHN2ZyB3aWR0aD0iMSIgaGVpZ2h0PSIxIiB4bWxucz0iaHR0cDovL3d3dy53My5vcmcvMjAwMC9zdmciPjwvc3ZnPg==\" style=\"--smush-placeholder-width: 300px; --smush-placeholder-aspect-ratio: 300\/200;\" \/><\/a><\/p>\n"},"caption":{"rendered":"<p>Gro\u00dfe Jubil\u00e4umsparty in der Innenstadt mit vielen G\u00e4sten und Attraktionen<\/p>\n"},"alt_text":"","media_type":"image","mime_type":"image\/jpeg","media_details":{"width":630,"height":419,"file":"2015\/05\/MGL4156.jpg","sizes":{"thumbnail":{"file":"MGL4156-150x150.jpg","width":150,"height":150,"mime_type":"image\/jpeg","source_url":"https:\/\/kfv-mol.de\/Wordpress\/wp-content\/uploads\/2015\/05\/MGL4156-150x150.jpg"},"medium":{"file":"MGL4156-300x200.jpg","width":300,"height":200,"mime_type":"image\/jpeg","source_url":"https:\/\/kfv-mol.de\/Wordpress\/wp-content\/uploads\/2015\/05\/MGL4156-300x200.jpg"},"mosaic-thumb":{"file":"MGL4156-96x96.jpg","width":96,"height":96,"mime_type":"image\/jpeg","source_url":"https:\/\/kfv-mol.de\/Wordpress\/wp-content\/uploads\/2015\/05\/MGL4156-96x96.jpg"},"gallery-thumb":{"file":"MGL4156-96x96.jpg","width":96,"height":96,"mime_type":"image\/jpeg","source_url":"https:\/\/kfv-mol.de\/Wordpress\/wp-content\/uploads\/2015\/05\/MGL4156-96x96.jpg"},"widget-24":{"file":"MGL4156-24x24.jpg","width":24,"height":24,"mime_type":"image\/jpeg","source_url":"https:\/\/kfv-mol.de\/Wordpress\/wp-content\/uploads\/2015\/05\/MGL4156-24x24.jpg"},"widget-32":{"file":"MGL4156-36x36.jpg","width":36,"height":36,"mime_type":"image\/jpeg","source_url":"https:\/\/kfv-mol.de\/Wordpress\/wp-content\/uploads\/2015\/05\/MGL4156-36x36.jpg"},"widget-48":{"file":"MGL4156-48x48.jpg","width":48,"height":48,"mime_type":"image\/jpeg","source_url":"https:\/\/kfv-mol.de\/Wordpress\/wp-content\/uploads\/2015\/05\/MGL4156-48x48.jpg"},"widget-64":{"file":"MGL4156-64x64.jpg","width":64,"height":64,"mime_type":"image\/jpeg","source_url":"https:\/\/kfv-mol.de\/Wordpress\/wp-content\/uploads\/2015\/05\/MGL4156-64x64.jpg"},"widget-96":{"file":"MGL4156-96x96.jpg","width":96,"height":96,"mime_type":"image\/jpeg","source_url":"https:\/\/kfv-mol.de\/Wordpress\/wp-content\/uploads\/2015\/05\/MGL4156-96x96.jpg"},"full":{"file":"MGL4156.jpg","width":630,"height":419,"mime_type":"image\/jpeg","source_url":"https:\/\/kfv-mol.de\/Wordpress\/wp-content\/uploads\/2015\/05\/MGL4156.jpg"}},"image_meta":{"aperture":6.3,"credit":"MOZ","camera":"Canon EOS-1Ds Mark III","caption":"Gro\u00dfe Jubil\u00e4umsparty in der Innenstadt mit vielen G\u00e4sten und Attraktionen","created_timestamp":1431170709,"copyright":"Andreas Karpe- Gora","focal_length":"70","iso":"640","shutter_speed":"0.005","title":"50 Jahre Jugendfeuerwehr Bad Freienwalde","orientation":1}},"post":1527,"source_url":"https:\/\/kfv-mol.de\/Wordpress\/wp-content\/uploads\/2015\/05\/MGL4156.jpg","_links":{"self":[{"href":"https:\/\/kfv-mol.de\/Wordpress\/wp-json\/wp\/v2\/media\/1529","targetHints":{"allow":["GET"]}}],"collection":[{"href":"https:\/\/kfv-mol.de\/Wordpress\/wp-json\/wp\/v2\/media"}],"about":[{"href":"https:\/\/kfv-mol.de\/Wordpress\/wp-json\/wp\/v2\/types\/attachment"}],"author":[{"embeddable":true,"href":"https:\/\/kfv-mol.de\/Wordpress\/wp-json\/wp\/v2\/users\/3"}],"replies":[{"embeddable":true,"href":"https:\/\/kfv-mol.de\/Wordpress\/wp-json\/wp\/v2\/comments?post=1529"}],"wp:attached-to":[{"embeddable":true,"post_type":"post","id":1527,"href":"https:\/\/kfv-mol.de\/Wordpress\/wp-json\/wp\/v2\/posts\/1527"}],"curies":[{"name":"wp","href":"https:\/\/api.w.org\/{rel}","templated":true}]}}

<p>Große Jubiläumsparty in der Innenstadt mit vielen Gästen und Attraktionen</p>

Große Jubiläumsparty in der Innenstadt mit vielen Gästen und Attraktionen
